is divided by (-4 + (-26)/f)/(-1)?
16
Let j(i) = 5*i - 42. Let t be j(9). Let v be 5 + (1 - t)*11. Let g(n) = n**2 + 16*n + 1. What is the remainder when 89 is divided by g(v)?
17
Suppose 8*o - 3*o + 69 = -4*x, 3*o + x + 40 = 0. Calculate the remainder when 140 is divided by 37/(-5)*(o - -8).
29
Let a be ((-2147)/(-1 - 0))/((-1)/4). Calculate the remainder when (-5)/(-30) + (-1 - a/24) is divided by 20.
17
Let i(o) = 5*o**2 + 26*o + 9. Let k be i(-5). Suppose -3*s + 3*m + 1 = -14, m = -2*s + k. Calculate the remainder when 22 is divided by s.
1
Let u = -85 + 106. Suppose u*w - 687 - 69 = 0. What is the remainder when w is divided by 7?
1
Suppose 1026 = 3*t - 2*h, -9*t + 5*h + 3776 = 2*t. Calculate the remainder when 7607 is divided by t.
341
Let d(i) = -158*i - 8002. Calculate the remainder when d(-63) is divided by 485.
12
Let g(x) = 565*x - 6993. Calculate the remainder when g(14) is divided by 18.
17
Let y(p) = p**3 + 2*p**2 + 15*p - 13. Let a be y(6). Let v = a + -294. Calculate the remainder when v is divided by 20.
11
Let y(m) = -119*m + 798. Let g(i) = 42*i - 266. Let t(u) = 11*g(u) + 4*y(u). Calculate the remainder when 307 is divided by t(17).
27
Let c(d) = 22*d**2 - 52*d + 56. Let l(k) = 5*k**2 - 13*k + 14. Let m(g) = -2*c(g) + 9*l(g). Let i = 15 + 6. What is the remainder when m(16) is divided by i?
20
What is the remainder when 970 + (-164 + 21)/11 is divided by 120?
117
Suppose 337*i + 137*i - 2341086 = 0. Calculate the remainder when i is divided by 103.
98
Suppose 0 = 278*o - 281*o - 180. Calculate the remainder when (-11)/(-4) + (-6)/8 - o is divided by 13.
10
Let p(v) = -4*v - v**2 + 3 + 12*v - 1 + 11. Let y be p(9). Suppose -16 = y*d, 2*n + d = -n + 74. Calculate the remainder when 127 is divided by n.
23
Suppose 34*h = 69*h - 9835. Calculate the remainder when h is divided by 4.
1
Let t = 8257 + -1292. What is the remainder when t is divided by 43?
42
Let h = 48 + 499. Let d = h + -265. Calculate the remainder when d is divided by 72.
66
Suppose 0 = 10*d + 6*d - 5055 - 209. Calculate the remainder when d is divided by 96.
41
Let g(k) = 29*k**2 + 23*k - 17*k**2 + 4 + k**3 - 24*k**2 - 8*k. What is the remainder when g(11) is divided by 14?
6
Let p = -6 - -26. Let z = 248 - 237. What is the remainder when p is divided by z?
9
What is the remainder when 8308/16*4 - (1 + 0)*-1 is divided by 40?
38
Suppose 364*h - 7344 = 305*h - 1031. Calculate the remainder when 4279 is divided by h.
106
Let t = -12530 - -14040. Calculate the remainder when t is divided by 27.
25
Suppose -3*a - 6 = -6*a. Suppose 5*i = 12*i - 7. What is the remainder when (-276)/(-115) + (6/10)/i is divided by a?
1
Let m = -2548 + 2704. What is the remainder when 552 is divided by m?
84
What is the remainder when (-1)/((-26)/(-4)) - (-10 + (-185328)/676) is divided by 144?
140
Suppose u - 312*u = -87702. What is the remainder when u is divided by 79?
45
Let g = 9074 + -9069. Let r be 4/3 - (-2)/(-6). Suppose -2*p - r = -19. What is the remainder when p is divided by g?
4
Suppose -27*f - 6188 = -95*f. What is the remainder when f is divided by 31?
29
Let o(v) = -2*v**2 - 130*v - 496. What is the remainder when 168 is divided by o(-60)?
64
Let q = -116 - -370. Suppose -83*c + 84*c = -2*g + 73, 20*c = 4*g + 52. What is the remainder when q is divided by g?
30
Let o(k) = 38*k**2 - 31*k + 4 - 23*k**2 - 1 - 14*k**2. Let y = 16 - 5. Calculate the remainder when y is divided by o(31).
2
Suppose -3*y + 3 + 9 = 0. Suppose -o - y*s = 3*o - 712, 522 = 3*o - 3*s. What is the remainder when o is divided by 36?
32
Let k(a) = -31 - a + 23 + 9*a - 140. What is the remainder when 166 is divided by k(24)?
34
Suppose -2274 = 15*i - 10692 - 13392. What is the remainder when i is divided by 48?
14
Let u = 2512 - 1972. Calculate the remainder when u is divided by 174.
18
Let b(g) = -g - 14. Let s be b(-14). Suppose s = -7*k + 237 + 246. Suppose 1 = -2*t + 21. Calculate the remainder when k is divided by t.
9
Suppose 0 = 2*m - 6*m + 64. Let q(i) = -i**2 - 216*i - 11524. Calculate the remainder when q(-98) is divided by m.
8
Let j = 266 + 1070. What is the remainder when j/40 - -4*(-2)/20 is divided by 18?
15
Let c(f) = 6*f**2 + 6*f - 6. Let d be c(-6). Suppose -2*t + d = 4*t. Suppose 84*u - 10 = 83*u. Calculate the remainder when t is divided by u.
9
Suppose m - 25 = -4*m. Suppose 8 = m*p - 3*p. Suppose -3*u = -p*i + 2*u + 24, 39 = 5*i - 4*u. Calculate the remainder when 38 is divided by i.
5
Suppose -5*n + 5 = -v, -2*n + 10*v = 15*v + 25. Suppose n = -13*y - y + 9408. What is the remainder when y is divided by 15?
12
Let f = -244 + -151. Let b = 1633 + -1608. What is the remainder when b is divided by f/(-30) - (-1)/(-6)?
12
Suppose -5 = 3*d + 4, d - 101 = -4*c. Let g = -265 - -124. Let h = 243 + g. Calculate the remainder when h is divided by c.
24
Suppose 0 = -2*t + 2*v + 42, -15*t + 19*t - 5*v = 88. Suppose -2*f = -0*f - 132. What is the remainder when f is divided by t?
15
Let x be (-4)/11*(-22)/4. Suppose q = -x*k + 1302, -15*q - k = -16*q + 1317. What is the remainder when q is divided by 18?
16
Let d(a) = -6*a - 613. Calculate the remainder when 201 is divided by d(-105).
14
Suppose -2*z = -25*z - 14*z. Suppose j + 4*b = 47, -120 = -3*j - z*b - 5*b. Calculate the remainder when j is divided by 21.
14
Let g = -24 + 53. Suppose f = 5*b - 7, 4*b + 4*f - 20 = -24. Suppose b = -2*j + 17. Calculate the remainder when g is divided by j.
5
Let b be (-16)/(-6)*9/(-6) + 4. Suppose -62 = -b*v - 2*v. Calculate the remainder when 81 is divided by v.
19
Suppose -3*o = -h + 848, -4088 = -5*h + 1189*o - 1193*o. Calculate the remainder when h is divided by 400.
24
Let l = 28 + 372. Suppose 0 = 3*q - 5*q + 5*u + 394, 2*q - l = 2*u. Calculate the remainder when q is divided by 19.
12
Let m = -63 + 67. Suppose 0 = 2*h - 3*h - 3*a + 6, -m*a = -h + 20. Calculate the remainder when h is divided by (-2)/4 - 33/(-6).
2
Suppose -595*y + 2970 = -540*y. What is the remainder when 55 is divided by y?
1
Let c = 1265 - 949. Suppose -20*q + 84 = -c. Calculate the remainder when 135 is divided by q.
15
Suppose 972 = -32*d + 34*d - 6*h, 0 = 4*d + 3*h - 2034. What is the remainder when d is divided by 23?
21
Suppose 0 = -8*s + 3128 - 3056. What is the remainder when 31 is divided by s?
4
Let d(j) = j - 3*j + 0*j - 12*j - 1. Suppose -3*z + 4*x + 31 = -46, 2*x = 4*z - 86. Calculate the remainder when d(-5) is divided by z.
12
What is the remainder when 112 is divided by (-1020)/(-17) + (-20)/(7 + -3)?
2
Let y be (2 + -1)*115/23. Suppose -2 = -d - 3*l + 1, -3*d + 2*l + 31 = 0. Let z = d - y. Calculate the remainder when 19 is divided by z.
3
Let f(g) = g**3 - 5*g**2 + 17*g - 44. Let r be f(4). Let s = r + 21. What is the remainder when 48 is divided by s?
19
Suppose 11*a - 9*a = 40. Suppose 2*c + 3*i = a, i - 1 = -3. Let j = -151 - -227. What is the remainder when j is divided by c?
11
Suppose 0 = 2*s + 2*z - 22, -s = 3*s - 5*z - 53. Suppose p = 5*p - s. Let m = 67099 + -67095. Calculate the remainder when m is divided by p.
1
Suppose -3*c + 4 + 11 = 0. Suppose -24 = -c*j + 3*j. What is the remainder when 4 + 31 - -9 - -2*1 is divided by j?
10
Let p(r) = 53*r**2 - 36*r - 76. What is the remainder when 423 is divided by p(-2)?
7
Suppose -7*d = -40*d + 17*d + 816. Calculate the remainder when 3660 is divided by d.
39
Suppose 24*h - 44 = -2*j + 20*h, 3*h + 15 = 0. Let g(s) = s**2 - 4*s - 2. Let c be g(6). Suppose -c - 15 = -5*k. What is the remainder when j is divided by k?
2
Let n(j) = -j**2 + 135*j - 2164. Calculate the remainder when n(25) is divided by 46.
34
Suppose -30 = -5*y - 11*c + 6*c, -4*y + 69 = -5*c. Calculate the remainder when 296 is divided by y.
10
What is the remainder when (-7)/49 + (-60)/21 + 512 is divided by 6?
5
Suppose -a = 4*k - 171, 0 = k + 5*a - 6*a - 39. Let f = k + -27. Suppose -16*v = -f*v - 62. Calculate the remainder when v is divided by 16.
14
Let m be 4/(-14) + 900/14. Let l = m + -33. Calculate the remainder when l is divided by ((30/(-18))/5)/((-10)/360).
7
Suppose -118935 = 201*j - 204*j. What is the remainder when j is divided by 28?
25
Let m = 60 + 93. Let p(g) = -7*g - 314. What is the remainder when m is divided by p(-48)?
21
Suppose -2*g + 4*g = -2*b + 224, 4*g - 4*b = 480.